 Let k = -11 + 15. Let l be i(k). Suppose -5*p + l*t = -4*p - 105, -192 = -2*p - 3*t. What is the units digit of p?
9
Let p(u) = 5*u**2 - 6*u - 5 - 4*u**2 + 6*u + 4*u. Let j be p(-5). What is the units digit of 2/4 - (-1505)/10 - j?
1
What is the hundreds digit of 14052/5*(-645)/(-86)?
0
Suppose -46*l = -61*l + 283020. What is the thousands digit of l?
8
Let x(i) = 541*i**2 - i + 1. Let j be x(1). Let s = j + -317. Suppose -2*u - 2*u + s = 0. What is the tens digit of u?
5
Suppose 3*m = 5*f - 2273, 0 = f + 3*f - 5*m - 1821. Let c = -240 + f. What is the hundreds digit of c?
2
Let d(m) = -2*m - 14. Let p(j) = j**3 - 5*j**2 - 8*j + 5. Let s be p(6). Let x be d(s). Suppose 7*g - g - 264 = x. What is the units digit of g?
4
What is the tens digit of (-3)/((-45)/390)*305?
3
Let j = 50 + -38. Suppose 24*v = j*v + 1068. What is the tens digit of v?
8
Let t(l) = -l**2 - 18*l + 19. Let o be t(-19). Suppose d + 25 = -5*c, -c = -o*d + 3*d + 5. Suppose d = 5*g - 322 - 78. What is the tens digit of g?
8
Let l = 82 + -78. Let g be (l + -3 - 0)*-56. Let r = g + 183. What is the tens digit of r?
2
Suppose -17948 + 76894 = 22*g - 188356. What is the hundreds digit of g?
2
Let p = -10903 - -18194. What is the thousands digit of p?
7
Let j = -1708 + 1765. What is the units digit of j?
7
Suppose 3*c - 6646 = 2*v + 4499, -2*c = 3*v - 7430. What is the hundreds digit of c?
7
Let m = -1151 - -31636. What is the ten thousands digit of m?
3
Suppose -57*u + 34*u = 27*u - 2142900. What is the ten thousands digit of u?
4
What is the thousands digit of 24437 + -5 + (-12)/9*(-54)/24?
4
Let d(a) = 1105 - 2400*a**3 - 3*a + 4796*a**3 - 2395*a**3. What is the tens digit of d(0)?
0
Let r = -389 - -395. Let c = 762 - r. What is the tens digit of c?
5
Suppose 4*j - 24 = 2*z, 8*j - 2*z = 6*j + 12. Let a(r) = 17*r**2 - 16*r + 46. What is the hundreds digit of a(j)?
5
Let o = -3 + 6. Suppose 0 = 38*t + 33*t. Suppose 11 = -2*i - o*w + 60, -i - 4*w + 22 = t. What is the units digit of i?
6
Let s be -29 + 225 - (-9)/(-3). Let p = s - 111. What is the tens digit of p?
8
Let k be ((-220)/8)/(-5)*86. Suppose 0*c + c + k = 2*b, -732 = -3*b - 3*c. What is the units digit of b?
9
Let q(w) = -w**2 + 12*w + 2. Let h be 3 + (2 + -6 - -13). Let f be q(h). Suppose -14 = -3*z + 2*z + f*j, -5*j = 10. What is the tens digit of z?
1
Let q = -2755 - -12506. What is the thousands digit of q?
9
Suppose 0 = 2*y + 6983 + 1285. What is the tens digit of 6/((-36)/y) + 2?
9
Let o = -49 + 46. Let q be (o/2)/((-2)/4). What is the units digit of 115 - (q + -5 + 3)?
4
What is the ten thousands digit of -76045*(504/(-336))/((-10)/(-4))?
4
Let g(y) = -89 - 51*y**2 + 2*y + 91 + 147*y**2. What is the hundreds digit of g(-2)?
3
Let u(i) be the third derivative of -i**5/24 + 263*i**4/24 - 9*i**3/2 + 34*i**2. Let n(m) be the first derivative of u(m). What is the units digit of n(0)?
3
Suppose 0 = 497*i - 516*i + 106400. What is the units digit of i?
0
Suppose -163*f = -167*f + 5*p + 109343, 4*p - 81953 = -3*f. What is the thousands digit of f?
7
Suppose 444*l - 443*l - 3*r - 3229 = 0, 3*l + 4*r - 9752 = 0. What is the thousands digit of l?
3
Let g = 27130 - 15569. What is the units digit of g?
1
Let v = -8 - -8. Suppose -5*d + 3*b + 129 = -2*d, -5*b - 15 = v. Let h = d - -107. What is the hundreds digit of h?
1
Let z be (6 + 0)/24 + 2/(-8). Suppose 5*d - 2230 + 765 = z. Suppose -d = -2*h - 4*s + s, -4*s = -h + 152. What is the units digit of h?
8
Let j(v) = -43*v + 9. Let f be j(-9). Suppose 3*g - f = 105. What is the hundreds digit of g?
1
Let f(d) = -d**2 - 3*d - 42. Let v be f(0). What is the units digit of ((-12)/v - 8130/(-14)) + 2?
3
Suppose 317*n = 337*n - 1580. What is the units digit of n?
9
Let c(a) be the first derivative of a**3/3 - 7*a**2/2 + 6*a - 8. Let p be c(4). What is the units digit of (p/(-4))/((-13)/(-806))?
3
Suppose -2*j - 5*j = -287. Let s = -35 - j. Let f = s + 280. What is the hundreds digit of f?
2
Let h(g) = -107*g + 191. Let o be h(-23). Let k = 4428 - o. What is the units digit of k?
6
Let j(g) = -g**3 - 14*g**2 - 13*g - 2. Let y be j(-13). Let u be y + 3 + -15 + -2. Let s(o) = -10*o + 14. What is the hundreds digit of s(u)?
1
Let o(z) = 10556*z**3 - 7*z**2 + 27*z - 45. What is the thousands digit of o(2)?
4
Let v(z) = 155*z - 84*z + 4 - 11. Let r(j) = j**2 + 2. Let n be r(0). What is the units digit of v(n)?
5
What is the units digit of (18/3)/((-63)/42) + 7294?
0
Suppose -p + 3*s - 4*s = 20, 0 = -p + 4*s - 30. What is the hundreds digit of (p/6 - -2)*(-26 - 166)?
3
What is the thousands digit of (-57015002)/(-1110) - (5/20 - 46/120)?
1
Suppose 13*l = 8*l - 6415. Let v = l - -1838. What is the hundreds digit of v?
5
Suppose 62*s - 66*s - 8 = 0. Let r be (-5)/s*(-6)/(-5). Suppose 0 = -r*w + 4*l + 188 + 113, -5*l = -w + 104. What is the tens digit of w?
9
Let z be (-36)/54 + 523/(-3). What is the units digit of z/((-7)/1) - 3?
2
Let q(o) = -9*o - 79. Let z be q(-9). Suppose 2167 = z*s - 3*a, 0 = s + 4*s + 5*a - 5455. What is the thousands digit of s?
1
Let p = -29204 - -59130. What is the thousands digit of p?
9
Suppose -222602 = -45*x - 68*x + 142162. What is the hundreds digit of x?
2
Let b(j) = -14*j**2 + 5 + 16 + 23*j - j**3 + 35*j**2. Let l be 15 + (7 + -6 - -6). What is the tens digit of b(l)?
4
Let v(j) = -j**2 - 4*j + 10. Let l be v(-5). Suppose -l*b - 3*q = -b + 6, -4*q = 8. Suppose 0*g - 9*g + 495 = b. What is the tens digit of g?
5
Let l = -60 - -27. Let j = l + 21. What is the hundreds digit of (-10)/(((-9)/120)/(j/(-8)))?
2
Suppose -62 = -5*n - 3*j, 2*j = 2*n + j - 16. Suppose -14*a + 156 = -n*a. What is the tens digit of a?
3
Let m be (179795/21)/(7/126). What is the hundreds digit of m/210 - (-2)/14?
7
Suppose 0 = -d - 5*q + 10283, -3*d - 89*q + 30771 = -87*q. What is the hundreds digit of d?
2
Let y be (-9)/(-15) + (-3)/5. Suppose y = 4*p - 5 - 91. Suppose -w + p = -14. What is the tens digit of w?
3
Let b = -741 + 5041. What is the hundreds digit of b?
3
Let r(d) = 10*d**2 + 8*d + 11. Suppose -5*x + x - 3*t = 33, 2*x - t = -9. What is the hundreds digit of r(x)?
3
Suppose 5*m - 32 = -2*v - 7, 3*m = -2*v + 19. What is the hundreds digit of -123*((-6)/m - 16/6)?
5
Let q = 10 - 7. Let m be (0 - q) + -3 - (-6)/(-2). Let t(x) = x**3 + 8*x**2 - 13*x - 9. What is the units digit of t(m)?
7
Let d be (2 - -5)*9 - (7 + -11). Suppose -390 = 65*i - d*i. What is the units digit of i?
5
Suppose -103*q + 101*q = 3*z - 44538, 2*z + 4 = 0. What is the units digit of q?
2
Suppose 143361 = 3*x + 2*f, -x - 3*f - 15042 + 62815 = 0. What is the hundreds digit of x?
7
Suppose 0 = -3*x + 9*c - 4*c - 369, 4*c = -x - 106. Suppose -3*s = 2*a + 82, 4*a + 33 - 155 = 5*s. Let b = s - x. What is the units digit of b?
2
Suppose 0 = 2*u - 0*u + 18. Let n = u + 13. Suppose 0*h = -3*c + 3*h + 276, 5*c - 456 = n*h. What is the units digit of c?
8
Suppose 0 = 2*p + 4*a - 4278, a = 2*p - p - 2127. Let l = 3111 - p. What is the tens digit of l?
8
Let p be (-8)/((-4)/10 - (-8)/(-30)). Suppose -3*k - 2*o + p = -7*o, -13 = 4*k + 3*o. Let j(q) = -106*q**3 + q. What is the tens digit of j(k)?
0
Suppose -i + 3 = -2*w + 2, w + 13 = 3*i. Suppose -2*d = 5*q - 8018, -i*q - d = -5*d - 7994. What is the units digit of q?
2
Suppose -18337 + 135195 = 14*q. Suppose -14*j = -6115 - q. What is the units digit of j?
3
Suppose 3*v = 5*t - 9545, 14*t - 7639 = 10*t + 3*v. What is the thousands digit of t?
1
Let f = 64649 - 23729. What is the tens digit of f?
2
Let d = 616 + -615. What is the tens digit of 1075 - 3*((-5)/3 + d)?
7
Let b(p) = 158*p + 7. Suppose 3*f + 2*w = -2*w - 136, 3*w = 6. Let a = f - -49. What is the hundreds digit of b(a)?
1
Let k = 21391 - 2796. What is the ten thousands digit of k?
1
Let r = -74794 + 125736. What is the hundreds digit of r?
9
Let f(y) = 23*y - 23. Let z be 105/(-18) - -6 - (-41)/6. Let a be f(z). Let u = 1 + a. What is the tens digit of u?
3
Let b = 26376 - 15169. What is the units digit of b?
7
Suppose 0 = 10*g + 14992 - 58312. What is the tens digit of g?
3
Let g = -5598 + 29749. What is the ten thousands digit of g?
2
Suppose 0 = -28*h + 21*h - 217. What is the units digit of h/(-62)*1388/(-6)*-6?
4
Suppose 0 = 10*h + 8*h - 18324. Suppose -h = -4*c - 262. What is the units digit of c?